est common factor of 472549257 and 5996.
1499
What is the highest common divisor of 43540450 and 440?
10
What is the greatest common divisor of 85077624 and 574?
82
What is the highest common divisor of 680064 and 5712?
336
Calculate the greatest common divisor of 386390584 and 5173.
739
Calculate the greatest common divisor of 184 and 489784.
8
Calculate the highest common factor of 79233 and 223377.
231
Calculate the greatest common factor of 7775070 and 195.
15
What is the highest common factor of 3 and 974439702?
3
What is the greatest common divisor of 5010170 and 111?
37
Calculate the highest common factor of 222 and 27424622.
74
Calculate the highest common factor of 262 and 1802167.
131
Calculate the greatest common divisor of 560326 and 113022.
598
Calculate the highest common factor of 3541910 and 40.
10
Calculate the greatest common factor of 4946773 and 1599.
533
What is the highest common factor of 3100 and 10708020?
620
What is the greatest common factor of 1113 and 74390323?
371
What is the highest common factor of 117392 and 255026?
58
What is the highest common factor of 96 and 13602792?
24
Calculate the greatest common divisor of 17009985 and 615045.
4695
What is the highest common divisor of 4430 and 214640?
10
Calculate the greatest common divisor of 2538 and 51399090.
54
Calculate the highest common factor of 22 and 38299.
1
What is the highest common divisor of 1334 and 165488558?
58
What is the highest common factor of 644 and 3107116?
92
Calculate the greatest common divisor of 26908 and 26096.
28
Calculate the highest common factor of 29085 and 9135.
105
Calculate the greatest common factor of 22819342 and 3367.
91
Calculate the greatest common factor of 411336 and 30798.
522
Calculate the greatest common divisor of 19870 and 1217240.
10
Calculate the highest common divisor of 6080 and 6973.
19
What is the greatest common factor of 2261879 and 354203?
2789
What is the greatest common divisor of 49713 and 454863?
219
What is the highest common factor of 112665 and 105357?
609
What is the greatest common divisor of 662136125 and 105?
35
Calculate the greatest common factor of 10060525 and 309.
103
Calculate the highest common divisor of 26652474 and 1179.
1179
What is the greatest common divisor of 13056 and 158882?
34
What is the highest common factor of 45287300 and 680?
20
Calculate the highest common factor of 266015692 and 424.
212
Calculate the greatest common divisor of 41401614 and 88836.
4038
What is the highest common factor of 25018760 and 9464?
1352
Calculate the highest common divisor of 14388534 and 1.
1
What is the greatest common divisor of 546048 and 1020672?
2304
Calculate the greatest common factor of 8248572 and 156.
12
What is the greatest common divisor of 3706203 and 885?
177
What is the greatest common divisor of 2 and 12833431?
1
What is the highest common divisor of 3 and 6653751?
3
Calculate the highest common factor of 1145742 and 34539.
1191
Calculate the greatest common factor of 98 and 92456.
14
Calculate the greatest common factor of 44725 and 1125.
25
Calculate the greatest common factor of 144 and 40537854.
18
What is the highest common factor of 48073336 and 24?
8
What is the greatest common divisor of 39879 and 33264?
189
What is the greatest common factor of 36421363 and 1267?
181
What is the highest common factor of 4532 and 22479853?
1133
Calculate the greatest common factor of 6 and 25604214.
6
What is the highest common factor of 87786048 and 294?
294
Calculate the greatest common factor of 40326 and 17985.
33
What is the greatest common divisor of 9325872 and 8496?
144
Calculate the greatest common factor of 170 and 22465670.
170
What is the greatest common divisor of 4 and 1316263?
1
Calculate the highest common factor of 1284093804 and 588.
588
Calculate the highest common divisor of 96209 and 17936704.
4183
Calculate the greatest common factor of 21057810 and 20.
10
Calculate the highest common divisor of 210 and 4064690.
70
Calculate the greatest common factor of 13358705 and 543.
181
What is the greatest common divisor of 13140 and 43201400?
1460
What is the greatest common divisor of 408 and 19204118?
34
Calculate the highest common divisor of 524961 and 3456.
27
What is the greatest common divisor of 12365206 and 266?
14
Calculate the greatest common factor of 210716 and 15499.
11
Calculate the greatest common divisor of 37157181 and 3.
3
What is the highest common factor of 51490 and 7350?
10
Calculate the greatest common factor of 12870 and 358861932.
2574
Calculate the highest common divisor of 668943 and 1683.
99
Calculate the greatest common factor of 1630030894 and 12602.
12602
What is the greatest common factor of 71548112 and 112?
16
What is the greatest common factor of 496856 and 4844?
692
Calculate the highest common divisor of 145 and 6861864.
29
What is the highest common factor of 50849994 and 103974?
3354
Calculate the greatest common factor of 6083 and 21744513.
553
What is the greatest common divisor of 1265 and 216997?
11
What is the highest common divisor of 396 and 900468?
36
Calculate the highest common factor of 9382240 and 9197946.
16754
What is the highest common divisor of 2858178 and 2256?
6
Calculate the highest common divisor of 299794694 and 995.
199
What is the greatest common divisor of 56900 and 90103995?
2845
Calculate the greatest common factor of 610070741 and 15848.
1981
What is the greatest common factor of 16797 and 1317801?
1527
Calculate the highest common divisor of 162627 and 33673.
151
Calculate the greatest common factor of 356014 and 1221518.
1258
What is the greatest common factor of 136025 and 15750?
25
Calculate the greatest common factor of 1022 and 94768527.
511
What is the highest common divisor of 192297 and 98?
7
Calculate the highest common divisor of 14788513 and 1522.
761
Calculate the greatest common factor of 40384652 and 1876.
1876
What is the greatest common divisor of 1020 and 1429980?
60
Calculate the greatest common divisor of 2037 and 1719711.
21
What is the highest common divisor of 260 and 27226030?
130
Calculate the highest common divisor of 2976 and 11427744.
96
What is the greatest common factor of 707 and 444539?
1
What is the greatest common divisor of 195964240 and 9696?
1616
Calculate the highest common divisor of 55 and 7804855.
5
What is the greatest common factor of 132 and 15141384?
12
Calculate the greatest common divisor of 29676689 and 189.
7
Calculate the greatest common divisor of 313710 and 270.
30
Calculate the greatest common divisor of 79238137 and 22.
11
Calculate the highest common factor of 9748 and 89871686.
4874
What is the greatest common factor of 17660 and 358420?
20
Calculate the greatest common factor of 4 and 4566748.
4
What is the greatest common divisor of 110747 and 6946636?
1217
Calculate the highest common factor of 63610470 and 270.
90
What is the highest common factor of 150049 and 6753863?
829
Calculate the highest common divisor of 946 and 144892.
22
What is the highest common factor of 37599 and 1031179?
151
Calculate the highest common divisor of 417542662 and 1451.
1451
What is the greatest common divisor of 214 and 718658224?
214
Calculate the highest common divisor of 101 and 33534222.
101
Calculate the greatest common factor of 247 and 1271689.
19
What is the greatest common divisor of 12 and 18547404?
12
What is the greatest common factor of 14976 and 66042?
18
What is the highest common divisor of 1617 and 358419831?
231
What is the greatest common divisor of 33096 and 234824?
1576
Calculate the greatest common divisor of 12019016 and 43.
43
What is the greatest common factor of 45744 and 653712?
48
Calculate the greatest common divisor of 81004896 and 46.
46
Calculate the highest common factor of 2164 and 15401729.
541
Calculate the highest common factor of 6541943 and 4963.
709
Calculate the greatest common divisor of 44781 and 494085057.
4071
What is the highest common divisor of 11323233 and 100781?
3251
What is the highest common divisor of 176 and 603499952?
176
Calculate the greatest common divisor of 1036 and 529997657.
259
What is the greatest common factor of 812128 and 2848?
32
What is the greatest common divisor of 13412282 and 26?
26
What is t